{"id":1221,"date":"2020-06-23T09:56:30","date_gmt":"2020-06-23T07:56:30","guid":{"rendered":"https:\/\/lesjoyeuxcoureurs.org\/?page_id=1221"},"modified":"2025-06-09T22:19:22","modified_gmt":"2025-06-09T20:19:22","slug":"retro-assurances","status":"publish","type":"page","link":"https:\/\/lesjoyeuxcoureurs.org\/?page_id=1221","title":{"rendered":"R\u00e9tro +"},"content":{"rendered":"\n<p class=\"has-very-light-gray-color has-text-color\">.<\/p>\n\n\n<div class=\"wp-block-image\">\n<figure class=\"aligncenter size-medium is-resized\"><img loading=\"lazy\" decoding=\"async\" width=\"300\" height=\"177\" src=\"https:\/\/lesjoyeuxcoureurs.org\/wp-content\/uploads\/2025\/06\/retro-300x177.jpg\" alt=\"\" class=\"wp-image-1544\" style=\"width:330px;height:auto\" srcset=\"https:\/\/lesjoyeuxcoureurs.org\/wp-content\/uploads\/2025\/06\/retro-300x177.jpg 300w, https:\/\/lesjoyeuxcoureurs.org\/wp-content\/uploads\/2025\/06\/retro-1024x606.jpg 1024w, https:\/\/lesjoyeuxcoureurs.org\/wp-content\/uploads\/2025\/06\/retro-768x454.jpg 768w, https:\/\/lesjoyeuxcoureurs.org\/wp-content\/uploads\/2025\/06\/retro.jpg 1207w\" sizes=\"auto, (max-width: 300px) 100vw, 300px\" \/><\/figure><\/div>\n\n\n<p><\/p>\n\n\n\n<p class=\"has-text-align-center\"><strong>R\u00e9tro +, la r\u00e9f\u00e9rence en assurance collection sur le march\u00e9 depuis 40 ans doit son succ\u00e8s \u00e0 la qualit\u00e9 de service irr\u00e9prochable \u2013 certifi\u00e9 ISO 9001 \u2013 et ses tarifs tr\u00e8s attractifs.<\/strong><\/p>\n\n\n\n<p class=\"has-text-align-center\">Entreprise familiale \u00e0 taille humaine qui dispose d&rsquo;interlocuteurs joignables facilement par t\u00e9l\u00e9phone et mail, &nbsp;R\u00e9tro + propose des contrats pour les v\u00e9hicules de tous les jours, de collection, de loisirs, et aussi des solutions d&rsquo;assurances pour l\u2019habitation.<\/p>\n\n\n\n<p class=\"has-very-light-gray-color has-text-color\">.<\/p>\n\n\n\n<p class=\"has-text-align-center\">Site internet&nbsp;: <a href=\"https:\/\/www.retro.fr\/\" target=\"_blank\" rel=\"noreferrer noopener\">https:\/\/www.retro.fr\/<\/a><\/p>\n","protected":false},"excerpt":{"rendered":"<p>. R\u00e9tro +, la r\u00e9f\u00e9rence en assurance collection sur le march\u00e9 depuis 40 ans doit son succ\u00e8s \u00e0 la qualit\u00e9 de service irr\u00e9prochable \u2013 certifi\u00e9 ISO 9001 \u2013 et ses tarifs tr\u00e8s attractifs. Entreprise familiale \u00e0 taille humaine qui dispose d&rsquo;interlocuteurs joignables facilement par t\u00e9l\u00e9phone et mail, &nbsp;R\u00e9tro + propose des contrats pour les v\u00e9hicules&hellip;<\/p>\n","protected":false},"author":1,"featured_media":0,"parent":0,"menu_order":0,"comment_status":"closed","ping_status":"closed","template":"","meta":{"footnotes":""},"class_list":["post-1221","page","type-page","status-publish","hentry"],"_links":{"self":[{"href":"https:\/\/lesjoyeuxcoureurs.org\/index.php?rest_route=\/wp\/v2\/pages\/1221","targetHints":{"allow":["GET"]}}],"collection":[{"href":"https:\/\/lesjoyeuxcoureurs.org\/index.php?rest_route=\/wp\/v2\/pages"}],"about":[{"href":"https:\/\/lesjoyeuxcoureurs.org\/index.php?rest_route=\/wp\/v2\/types\/page"}],"author":[{"embeddable":true,"href":"https:\/\/lesjoyeuxcoureurs.org\/index.php?rest_route=\/wp\/v2\/users\/1"}],"replies":[{"embeddable":true,"href":"https:\/\/lesjoyeuxcoureurs.org\/index.php?rest_route=%2Fwp%2Fv2%2Fcomments&post=1221"}],"version-history":[{"count":8,"href":"https:\/\/lesjoyeuxcoureurs.org\/index.php?rest_route=\/wp\/v2\/pages\/1221\/revisions"}],"predecessor-version":[{"id":1550,"href":"https:\/\/lesjoyeuxcoureurs.org\/index.php?rest_route=\/wp\/v2\/pages\/1221\/revisions\/1550"}],"wp:attachment":[{"href":"https:\/\/lesjoyeuxcoureurs.org\/index.php?rest_route=%2Fwp%2Fv2%2Fmedia&parent=1221"}],"curies":[{"name":"wp","href":"https:\/\/api.w.org\/{rel}","templated":true}]}}