{"id":1308,"date":"2020-08-03T00:14:19","date_gmt":"2020-08-02T22:14:19","guid":{"rendered":"https:\/\/lesjoyeuxcoureurs.org\/?page_id=1308"},"modified":"2020-08-03T00:29:03","modified_gmt":"2020-08-02T22:29:03","slug":"le-projet-2020","status":"publish","type":"page","link":"https:\/\/lesjoyeuxcoureurs.org\/?page_id=1308","title":{"rendered":"Nouvelle participation au Tour Auto 2020"},"content":{"rendered":"\n<p class=\"has-text-color has-very-light-gray-color\">.<\/p>\n\n\n\n<p class=\"has-text-align-center\">Pour la deuxi\u00e8me ann\u00e9e cons\u00e9cutive, la Simca Rallye 2 Groupe 2 prend le d\u00e9part du tour de France automobiles anciennes, le Tour Auto, du 31 ao\u00fbt au 5 septembre.<\/p>\n\n\n\n<p class=\"has-text-color has-very-light-gray-color\">.<\/p>\n\n\n\n<div class=\"wp-block-image\"><figure class=\"aligncenter size-large is-resized\"><img loading=\"lazy\" decoding=\"async\" src=\"https:\/\/lesjoyeuxcoureurs.org\/wp-content\/uploads\/2020\/08\/itineraire2020-924x1024.png\" alt=\"\" class=\"wp-image-1318\" width=\"371\" height=\"411\" srcset=\"https:\/\/lesjoyeuxcoureurs.org\/wp-content\/uploads\/2020\/08\/itineraire2020-924x1024.png 924w, https:\/\/lesjoyeuxcoureurs.org\/wp-content\/uploads\/2020\/08\/itineraire2020-271x300.png 271w, https:\/\/lesjoyeuxcoureurs.org\/wp-content\/uploads\/2020\/08\/itineraire2020-768x851.png 768w, https:\/\/lesjoyeuxcoureurs.org\/wp-content\/uploads\/2020\/08\/itineraire2020.png 929w\" sizes=\"auto, (max-width: 371px) 100vw, 371px\" \/><\/figure><\/div>\n\n\n\n<p class=\"has-text-color has-very-light-gray-color\">.<\/p>\n\n\n\n<p class=\"has-text-align-center\">Comme l\u2019ann\u00e9e derni\u00e8re, la voiture sera expos\u00e9e sous la magnifique verri\u00e8re du Grand Palais avec les 200 autres voitures s\u00e9lectionn\u00e9es pour participer \u00e0 la course. L\u2019objectif de l\u2019\u00e9quipage qui sera entour\u00e9 de v\u00e9hicules beaucoup plus puissants, est de rallier Marseille apr\u00e8s un marathon de 2500 kilom\u00e8tres alternant endurance, vitesse (4 circuits dont Magny-Cours, Charade, L\u00e9denon, Paul Ricard) et sportivit\u00e9 (10 courses sp\u00e9ciales sur routes ferm\u00e9es).<\/p>\n\n\n\n<p class=\"has-text-align-center\">N\u2019h\u00e9sitez pas \u00e0 venir nous rejoindre au Grand Palais le lundi 31 ao\u00fbt pour l\u2019ouverture au public de et tout au long de la course !<\/p>\n\n\n\n<p class=\"has-text-color has-very-light-gray-color\">.<\/p>\n","protected":false},"excerpt":{"rendered":"<p>. Pour la deuxi\u00e8me ann\u00e9e cons\u00e9cutive, la Simca Rallye 2 Groupe 2 prend le d\u00e9part du tour de France automobiles anciennes, le Tour Auto, du 31 ao\u00fbt au 5 septembre. . . Comme l\u2019ann\u00e9e derni\u00e8re, la voiture sera expos\u00e9e sous la magnifique verri\u00e8re du Grand Palais avec les 200 autres voitures s\u00e9lectionn\u00e9es pour participer \u00e0&hellip;<\/p>\n","protected":false},"author":1,"featured_media":0,"parent":0,"menu_order":0,"comment_status":"closed","ping_status":"closed","template":"","meta":{"footnotes":""},"class_list":["post-1308","page","type-page","status-publish","hentry"],"_links":{"self":[{"href":"https:\/\/lesjoyeuxcoureurs.org\/index.php?rest_route=\/wp\/v2\/pages\/1308","targetHints":{"allow":["GET"]}}],"collection":[{"href":"https:\/\/lesjoyeuxcoureurs.org\/index.php?rest_route=\/wp\/v2\/pages"}],"about":[{"href":"https:\/\/lesjoyeuxcoureurs.org\/index.php?rest_route=\/wp\/v2\/types\/page"}],"author":[{"embeddable":true,"href":"https:\/\/lesjoyeuxcoureurs.org\/index.php?rest_route=\/wp\/v2\/users\/1"}],"replies":[{"embeddable":true,"href":"https:\/\/lesjoyeuxcoureurs.org\/index.php?rest_route=%2Fwp%2Fv2%2Fcomments&post=1308"}],"version-history":[{"count":10,"href":"https:\/\/lesjoyeuxcoureurs.org\/index.php?rest_route=\/wp\/v2\/pages\/1308\/revisions"}],"predecessor-version":[{"id":1336,"href":"https:\/\/lesjoyeuxcoureurs.org\/index.php?rest_route=\/wp\/v2\/pages\/1308\/revisions\/1336"}],"wp:attachment":[{"href":"https:\/\/lesjoyeuxcoureurs.org\/index.php?rest_route=%2Fwp%2Fv2%2Fmedia&parent=1308"}],"curies":[{"name":"wp","href":"https:\/\/api.w.org\/{rel}","templated":true}]}}