{"id":1310,"date":"2020-08-03T00:14:30","date_gmt":"2020-08-02T22:14:30","guid":{"rendered":"https:\/\/lesjoyeuxcoureurs.org\/?page_id=1310"},"modified":"2020-08-03T00:25:52","modified_gmt":"2020-08-02T22:25:52","slug":"itineraire","status":"publish","type":"page","link":"https:\/\/lesjoyeuxcoureurs.org\/?page_id=1310","title":{"rendered":"L&rsquo;itin\u00e9raire du Tour Auto 2020"},"content":{"rendered":"\n<p class=\"has-text-color has-very-light-gray-color\">.<\/p>\n\n\n\n<p class=\"has-text-align-center\">Comme chaque ann\u00e9e, d\u00e9part du Grand Palais \u00e0 Paris, le 31 Ao\u00fbt.<\/p>\n\n\n\n<p class=\"has-text-align-center\">Direction Clermont-Ferrand, puis Limoges, Toulouse, Pont du Gard et enfin Le Castelet, avec l&rsquo;arriv\u00e9e au Circuit Paul Ricard.<\/p>\n\n\n\n<div class=\"wp-block-image\"><figure class=\"aligncenter size-large is-resized\"><img loading=\"lazy\" decoding=\"async\" src=\"https:\/\/lesjoyeuxcoureurs.org\/wp-content\/uploads\/2020\/08\/itineraire2020-924x1024.png\" alt=\"\" class=\"wp-image-1318\" width=\"428\" height=\"474\" srcset=\"https:\/\/lesjoyeuxcoureurs.org\/wp-content\/uploads\/2020\/08\/itineraire2020-924x1024.png 924w, https:\/\/lesjoyeuxcoureurs.org\/wp-content\/uploads\/2020\/08\/itineraire2020-271x300.png 271w, https:\/\/lesjoyeuxcoureurs.org\/wp-content\/uploads\/2020\/08\/itineraire2020-768x851.png 768w, https:\/\/lesjoyeuxcoureurs.org\/wp-content\/uploads\/2020\/08\/itineraire2020.png 929w\" sizes=\"auto, (max-width: 428px) 100vw, 428px\" \/><\/figure><\/div>\n","protected":false},"excerpt":{"rendered":"<p>. Comme chaque ann\u00e9e, d\u00e9part du Grand Palais \u00e0 Paris, le 31 Ao\u00fbt. Direction Clermont-Ferrand, puis Limoges, Toulouse, Pont du Gard et enfin Le Castelet, avec l&rsquo;arriv\u00e9e au Circuit Paul Ricard.<\/p>\n","protected":false},"author":1,"featured_media":0,"parent":0,"menu_order":0,"comment_status":"closed","ping_status":"closed","template":"","meta":{"footnotes":""},"class_list":["post-1310","page","type-page","status-publish","hentry"],"_links":{"self":[{"href":"https:\/\/lesjoyeuxcoureurs.org\/index.php?rest_route=\/wp\/v2\/pages\/1310","targetHints":{"allow":["GET"]}}],"collection":[{"href":"https:\/\/lesjoyeuxcoureurs.org\/index.php?rest_route=\/wp\/v2\/pages"}],"about":[{"href":"https:\/\/lesjoyeuxcoureurs.org\/index.php?rest_route=\/wp\/v2\/types\/page"}],"author":[{"embeddable":true,"href":"https:\/\/lesjoyeuxcoureurs.org\/index.php?rest_route=\/wp\/v2\/users\/1"}],"replies":[{"embeddable":true,"href":"https:\/\/lesjoyeuxcoureurs.org\/index.php?rest_route=%2Fwp%2Fv2%2Fcomments&post=1310"}],"version-history":[{"count":8,"href":"https:\/\/lesjoyeuxcoureurs.org\/index.php?rest_route=\/wp\/v2\/pages\/1310\/revisions"}],"predecessor-version":[{"id":1326,"href":"https:\/\/lesjoyeuxcoureurs.org\/index.php?rest_route=\/wp\/v2\/pages\/1310\/revisions\/1326"}],"wp:attachment":[{"href":"https:\/\/lesjoyeuxcoureurs.org\/index.php?rest_route=%2Fwp%2Fv2%2Fmedia&parent=1310"}],"curies":[{"name":"wp","href":"https:\/\/api.w.org\/{rel}","templated":true}]}}