{"id":1529,"date":"2025-05-03T05:07:42","date_gmt":"2025-05-03T03:07:42","guid":{"rendered":"https:\/\/lesjoyeuxcoureurs.org\/?page_id=1529"},"modified":"2025-05-03T05:12:58","modified_gmt":"2025-05-03T03:12:58","slug":"replantation-corse","status":"publish","type":"page","link":"https:\/\/lesjoyeuxcoureurs.org\/?page_id=1529","title":{"rendered":"Replantation \u2013 Corse"},"content":{"rendered":"\n<p><\/p>\n\n\n\n<p><\/p>\n\n\n\n<p class=\"has-text-align-center\">Comme les \u00e9missions de carbone de l\u2019automobile et du camion d\u2019assistance seront en Corse, l\u2019Association a longuement cherch\u00e9 un projet local sur l\u2019Ile de Beaut\u00e9 et c\u2019est orient\u00e9 vers le soutien \u00e0 un nouveau projet in\u00e9dit pour elle&nbsp;: <strong>la plantation de posidonies, plantes end\u00e9miques sous-marines de la mer M\u00e9diterran\u00e9e, maltrait\u00e9es par les activit\u00e9s humaines.<\/strong><\/p>\n\n\n<div class=\"wp-block-image\">\n<figure class=\"aligncenter size-full is-resized\"><img loading=\"lazy\" decoding=\"async\" width=\"822\" height=\"461\" src=\"https:\/\/lesjoyeuxcoureurs.org\/wp-content\/uploads\/2025\/05\/mer3.jpg\" alt=\"\" class=\"wp-image-1534\" style=\"width:557px;height:auto\" srcset=\"https:\/\/lesjoyeuxcoureurs.org\/wp-content\/uploads\/2025\/05\/mer3.jpg 822w, https:\/\/lesjoyeuxcoureurs.org\/wp-content\/uploads\/2025\/05\/mer3-300x168.jpg 300w, https:\/\/lesjoyeuxcoureurs.org\/wp-content\/uploads\/2025\/05\/mer3-768x431.jpg 768w, https:\/\/lesjoyeuxcoureurs.org\/wp-content\/uploads\/2025\/05\/mer3-540x304.jpg 540w\" sizes=\"auto, (max-width: 822px) 100vw, 822px\" \/><\/figure><\/div>\n\n\n<p><\/p>\n\n\n\n<p>Les herbiers sous-marins sont consid\u00e9r\u00e9s comme des puits de carbone majeurs \u00e0 l\u2019\u00e9chelle de la biosph\u00e8re, \u00e0 l\u2019instar des tourbi\u00e8res ou des mangroves.<\/p>\n\n\n<div class=\"wp-block-image\">\n<figure class=\"aligncenter size-full is-resized\"><img loading=\"lazy\" decoding=\"async\" width=\"633\" height=\"459\" src=\"https:\/\/lesjoyeuxcoureurs.org\/wp-content\/uploads\/2025\/05\/mer1.jpg\" alt=\"\" class=\"wp-image-1537\" style=\"width:515px;height:auto\" srcset=\"https:\/\/lesjoyeuxcoureurs.org\/wp-content\/uploads\/2025\/05\/mer1.jpg 633w, https:\/\/lesjoyeuxcoureurs.org\/wp-content\/uploads\/2025\/05\/mer1-300x218.jpg 300w\" sizes=\"auto, (max-width: 633px) 100vw, 633px\" \/><\/figure><\/div>\n\n\n<p><\/p>\n\n\n\n<p>Ainsi; l\u2019Association apporte son soutien financier au programme corse \u00ab&nbsp;RENFORC&nbsp;\u00bb, de plantation de posidonies, plantes \u00e0 fleurs marine end\u00e9miques de la M\u00e9diterran\u00e9e, maltrait\u00e9e par les activit\u00e9s humaines (ancrage, chalutage, am\u00e9nagements c\u00f4tiers, rejets chimiques).<\/p>\n\n\n<div class=\"wp-block-image\">\n<figure class=\"aligncenter size-full is-resized\"><img loading=\"lazy\" decoding=\"async\" width=\"562\" height=\"460\" src=\"https:\/\/lesjoyeuxcoureurs.org\/wp-content\/uploads\/2025\/05\/mer2.jpg\" alt=\"\" class=\"wp-image-1535\" style=\"width:481px;height:auto\" srcset=\"https:\/\/lesjoyeuxcoureurs.org\/wp-content\/uploads\/2025\/05\/mer2.jpg 562w, https:\/\/lesjoyeuxcoureurs.org\/wp-content\/uploads\/2025\/05\/mer2-300x246.jpg 300w\" sizes=\"auto, (max-width: 562px) 100vw, 562px\" \/><\/figure><\/div>","protected":false},"excerpt":{"rendered":"<p>Comme les \u00e9missions de carbone de l\u2019automobile et du camion d\u2019assistance seront en Corse, l\u2019Association a longuement cherch\u00e9 un projet local sur l\u2019Ile de Beaut\u00e9 et c\u2019est orient\u00e9 vers le soutien \u00e0 un nouveau projet in\u00e9dit pour elle&nbsp;: la plantation de posidonies, plantes end\u00e9miques sous-marines de la mer M\u00e9diterran\u00e9e, maltrait\u00e9es par les activit\u00e9s humaines. Les&hellip;<\/p>\n","protected":false},"author":1,"featured_media":0,"parent":0,"menu_order":0,"comment_status":"closed","ping_status":"closed","template":"","meta":{"footnotes":""},"class_list":["post-1529","page","type-page","status-publish","hentry"],"_links":{"self":[{"href":"https:\/\/lesjoyeuxcoureurs.org\/index.php?rest_route=\/wp\/v2\/pages\/1529","targetHints":{"allow":["GET"]}}],"collection":[{"href":"https:\/\/lesjoyeuxcoureurs.org\/index.php?rest_route=\/wp\/v2\/pages"}],"about":[{"href":"https:\/\/lesjoyeuxcoureurs.org\/index.php?rest_route=\/wp\/v2\/types\/page"}],"author":[{"embeddable":true,"href":"https:\/\/lesjoyeuxcoureurs.org\/index.php?rest_route=\/wp\/v2\/users\/1"}],"replies":[{"embeddable":true,"href":"https:\/\/lesjoyeuxcoureurs.org\/index.php?rest_route=%2Fwp%2Fv2%2Fcomments&post=1529"}],"version-history":[{"count":7,"href":"https:\/\/lesjoyeuxcoureurs.org\/index.php?rest_route=\/wp\/v2\/pages\/1529\/revisions"}],"predecessor-version":[{"id":1542,"href":"https:\/\/lesjoyeuxcoureurs.org\/index.php?rest_route=\/wp\/v2\/pages\/1529\/revisions\/1542"}],"wp:attachment":[{"href":"https:\/\/lesjoyeuxcoureurs.org\/index.php?rest_route=%2Fwp%2Fv2%2Fmedia&parent=1529"}],"curies":[{"name":"wp","href":"https:\/\/api.w.org\/{rel}","templated":true}]}}