{"id":2,"date":"2018-07-23T19:27:18","date_gmt":"2018-07-23T17:27:18","guid":{"rendered":"http:\/\/lesjoyeuxcoureurs.org\/?page_id=2"},"modified":"2019-04-28T12:21:33","modified_gmt":"2019-04-28T10:21:33","slug":"index","status":"publish","type":"page","link":"https:\/\/lesjoyeuxcoureurs.org\/?page_id=2","title":{"rendered":"Participation au Tour Auto 2019 en mode comp\u00e9tition"},"content":{"rendered":"\n<p style=\"color:#ffffff\" class=\"has-text-color\">.<\/p>\n\n\n\n<div class=\"wp-block-image\"><figure class=\"aligncenter is-resized\"><img loading=\"lazy\" decoding=\"async\" src=\"https:\/\/lesjoyeuxcoureurs.org\/wp-content\/uploads\/2019\/04\/tourauto_png-1024x576.png\" alt=\"\" class=\"wp-image-863\" width=\"256\" height=\"144\" srcset=\"https:\/\/lesjoyeuxcoureurs.org\/wp-content\/uploads\/2019\/04\/tourauto_png-1024x576.png 1024w, https:\/\/lesjoyeuxcoureurs.org\/wp-content\/uploads\/2019\/04\/tourauto_png-300x169.png 300w, https:\/\/lesjoyeuxcoureurs.org\/wp-content\/uploads\/2019\/04\/tourauto_png-768x432.png 768w, https:\/\/lesjoyeuxcoureurs.org\/wp-content\/uploads\/2019\/04\/tourauto_png-1140x641.png 1140w, https:\/\/lesjoyeuxcoureurs.org\/wp-content\/uploads\/2019\/04\/tourauto_png-540x304.png 540w, https:\/\/lesjoyeuxcoureurs.org\/wp-content\/uploads\/2019\/04\/tourauto_png.png 1920w\" sizes=\"auto, (max-width: 256px) 100vw, 256px\" \/><\/figure><\/div>\n\n\n\n<p style=\"text-align:center\" class=\"has-medium-font-size\"><em>Un projet d\u2019engagement automobile tr\u00e8s diff\u00e9renciant<\/em><\/p>\n\n\n\n<p>Ce projet, n\u00e9 de l\u2019amiti\u00e9 entre un coureur automobile et un passionn\u00e9 de voitures anciennes, se veut <strong>unique<\/strong>, li\u00e9 \u00e0 la conjonction des caract\u00e9ristiques suivantes&nbsp;:<\/p>\n\n\n\n<ul class=\"wp-block-list\"><li><strong>Voiture rare n&rsquo;ayant jamais particip\u00e9 \u00e0 cette course\u200e <\/strong><\/li><li><strong>Compensation des rejets carbone avec des projets sur le territoire fran\u00e7ais <\/strong><\/li><li>Avec un pilote chevronn\u00e9 <\/li><li>Avec le soutien de journalistes<\/li><li>En partenariat avec des associations de d\u00e9fense du patrimoine automobile comme l\u2019Aventure Peugeot, la CAAPI\/Mus\u00e9e Peugeot <\/li><li>Avec la mise en place d\u2019un comit\u00e9 d\u2019experts du milieu automobile apportant des conseils sur la pr\u00e9paration de la voiture <\/li><li>Sous forme d\u2019une association pour une plus grande transparence des comptes<\/li><\/ul>\n\n\n\n<p class=\"has-text-color has-very-light-gray-color\">.<\/p>\n\n\n\n<p style=\"text-align:center\" class=\"has-medium-font-size\"><em>Un engagement Social et Environnemental unique<\/em><\/p>\n\n\n\n<ul class=\"wp-block-list\"><li>Soutien de petits artisans et Compagnons de France, sp\u00e9cialistes de la restauration de voitures anciennes<\/li><li><strong>Compensation des \u00e9missions CO2<\/strong> des 2 v\u00e9hicules de course et d\u2019assistance (empreinte carbone nulle), par des actions en faveur de l\u2019environnement. <strong>Premi\u00e8re participation d\u2019un \u00e9quipage Carbone Neutre.<\/strong><\/li><\/ul>\n\n\n\n<p class=\"has-text-color has-very-light-gray-color\">.<\/p>\n\n\n\n<p style=\"text-align:center\">&#8212;&#8212;&#8212;&#8212;&#8212;&#8212;&#8212;&#8212;&#8212;&#8212;&#8212;&#8212;&#8212;&#8212;&#8212;&#8212;-<\/p>\n\n\n\n<p class=\"has-text-color has-very-light-gray-color\">.<\/p>\n\n\n\n<p style=\"text-align:center\"><strong>Pour plus de d\u00e9tails concernant le Tour Auto Optic 2000 et sa 28e \u00e9dition, <\/strong>rendez-vous sur les pages suivantes :<\/p>\n\n\n\n<ul class=\"wp-block-list\"><li><a href=\"https:\/\/lesjoyeuxcoureurs.org\/?page_id=788\">Pr\u00e9sentation du Tour Auto<\/a><\/li><li><a href=\"https:\/\/lesjoyeuxcoureurs.org\/?page_id=790\">L&rsquo;itin\u00e9raire de l&rsquo;\u00e9dition 2019<\/a><\/li><li><a href=\"https:\/\/lesjoyeuxcoureurs.org\/?page_id=791\">Les \u00e9tapes de l&rsquo;\u00e9dition 2019\ufeff<\/a><\/li><\/ul>\n\n\n\n<p class=\"has-text-color has-very-light-gray-color\">.<\/p>\n","protected":false},"excerpt":{"rendered":"<p>. Un projet d\u2019engagement automobile tr\u00e8s diff\u00e9renciant Ce projet, n\u00e9 de l\u2019amiti\u00e9 entre un coureur automobile et un passionn\u00e9 de voitures anciennes, se veut unique, li\u00e9 \u00e0 la conjonction des caract\u00e9ristiques suivantes&nbsp;: Voiture rare n&rsquo;ayant jamais particip\u00e9 \u00e0 cette course\u200e Compensation des rejets carbone avec des projets sur le territoire fran\u00e7ais Avec un pilote chevronn\u00e9&hellip;<\/p>\n","protected":false},"author":1,"featured_media":0,"parent":0,"menu_order":0,"comment_status":"closed","ping_status":"closed","template":"","meta":{"footnotes":""},"class_list":["post-2","page","type-page","status-publish","hentry"],"_links":{"self":[{"href":"https:\/\/lesjoyeuxcoureurs.org\/index.php?rest_route=\/wp\/v2\/pages\/2","targetHints":{"allow":["GET"]}}],"collection":[{"href":"https:\/\/lesjoyeuxcoureurs.org\/index.php?rest_route=\/wp\/v2\/pages"}],"about":[{"href":"https:\/\/lesjoyeuxcoureurs.org\/index.php?rest_route=\/wp\/v2\/types\/page"}],"author":[{"embeddable":true,"href":"https:\/\/lesjoyeuxcoureurs.org\/index.php?rest_route=\/wp\/v2\/users\/1"}],"replies":[{"embeddable":true,"href":"https:\/\/lesjoyeuxcoureurs.org\/index.php?rest_route=%2Fwp%2Fv2%2Fcomments&post=2"}],"version-history":[{"count":60,"href":"https:\/\/lesjoyeuxcoureurs.org\/index.php?rest_route=\/wp\/v2\/pages\/2\/revisions"}],"predecessor-version":[{"id":868,"href":"https:\/\/lesjoyeuxcoureurs.org\/index.php?rest_route=\/wp\/v2\/pages\/2\/revisions\/868"}],"wp:attachment":[{"href":"https:\/\/lesjoyeuxcoureurs.org\/index.php?rest_route=%2Fwp%2Fv2%2Fmedia&parent=2"}],"curies":[{"name":"wp","href":"https:\/\/api.w.org\/{rel}","templated":true}]}}