{"id":502,"date":"2019-03-16T19:33:24","date_gmt":"2019-03-16T18:33:24","guid":{"rendered":"http:\/\/lesjoyeuxcoureurs.org\/?page_id=502"},"modified":"2019-03-16T20:38:57","modified_gmt":"2019-03-16T19:38:57","slug":"la-douze","status":"publish","type":"page","link":"https:\/\/lesjoyeuxcoureurs.org\/?page_id=502","title":{"rendered":"Reforestation &#8211; Dordogne"},"content":{"rendered":"\n<p class=\"has-text-color has-very-light-gray-color\">.<\/p>\n\n\n\n<p>La soci\u00e9t\u00e9 Wenow a propos\u00e9 plusieurs projet de compensation carbone et\nl\u2019Association a s\u00e9lectionn\u00e9 celui li\u00e9 \u00e0 une replantation d\u2019arbres, en France.En\nparall\u00e8le, un autre projet international mais b\u00e9n\u00e9ficiant du label de l\u2019ONU, a\n\u00e9t\u00e9 retenu et concerne la construction d\u2019unit\u00e9s photovoltaiques en Inde.<\/p>\n\n\n\n<p>Le projet de reforestation La Douze, dans le d\u00e9partement de la Dordogne, consiste \u00e0 remplacer une for\u00eat d\u00e9truite par la temp\u00eate Martin en d\u00e9cembre 1999.<\/p>\n\n\n\n<p class=\"has-text-color has-very-light-gray-color\">.<\/p>\n\n\n\n<div class=\"wp-block-image\"><figure class=\"aligncenter is-resized\"><img loading=\"lazy\" decoding=\"async\" src=\"http:\/\/lesjoyeuxcoureurs.org\/wp-content\/uploads\/2019\/02\/foret-1024x645.png\" alt=\"\" class=\"wp-image-228\" width=\"768\" height=\"484\" srcset=\"https:\/\/lesjoyeuxcoureurs.org\/wp-content\/uploads\/2019\/02\/foret-1024x645.png 1024w, https:\/\/lesjoyeuxcoureurs.org\/wp-content\/uploads\/2019\/02\/foret-300x189.png 300w, https:\/\/lesjoyeuxcoureurs.org\/wp-content\/uploads\/2019\/02\/foret-768x484.png 768w, https:\/\/lesjoyeuxcoureurs.org\/wp-content\/uploads\/2019\/02\/foret.png 1235w\" sizes=\"auto, (max-width: 768px) 100vw, 768px\" \/><\/figure><\/div>\n\n\n\n<p class=\"has-text-color has-very-light-gray-color\">.<\/p>\n\n\n\n<p>En raison d\u2019un sol tr\u00e8s pauvre et de p\u00e9riodes de s\u00e9cheresse qui se sont succ\u00e9d\u00e9es, la for\u00eat a fait l\u2019objet de plusieurs tentatives de plantation, mais qui n\u2019ont pas fonctionn\u00e9. La plantation s\u2019\u00e9tend sur trois parcelles et appartient au Groupement forestier de Guich\u00e9gu, dont le si\u00e8ge social se situe \u00e0 Monfaucon.<\/p>\n\n\n\n<p class=\"has-text-color has-very-light-gray-color\">.<\/p>\n\n\n\n<div class=\"wp-block-image\"><figure class=\"aligncenter\"><img loading=\"lazy\" decoding=\"async\" width=\"193\" height=\"243\" src=\"http:\/\/lesjoyeuxcoureurs.org\/wp-content\/uploads\/2019\/03\/ladouze_map.png\" alt=\"\" class=\"wp-image-549\"\/><\/figure><\/div>\n\n\n\n<p class=\"has-text-color has-very-light-gray-color\">.<\/p>\n\n\n\n<p>Au-del\u00e0 d\u2019aider la for\u00eat \u00e0 retrouver son \u00e9clat, la plantation permettra de maintenir l&rsquo;\u00e9cosyst\u00e8me de la zone ainsi que sa biodiversit\u00e9, d&rsquo;\u00e9tendre le couvert forestier avec des essences adapt\u00e9es au changement climatique et de lutter contre celui-ci, durablement. Gr\u00e2ce \u00e0 la plantation d\u2019essences adapt\u00e9es (70 % de pins maritimes, 16% de robiniers faux-acacia et 14% de c\u00e8dres de l\u2019atlas), le projet permettra de stocker 75 000 kg de CO2. <\/p>\n\n\n\n<p class=\"has-text-color has-very-light-gray-color\">.<\/p>\n","protected":false},"excerpt":{"rendered":"<p>. La soci\u00e9t\u00e9 Wenow a propos\u00e9 plusieurs projet de compensation carbone et l\u2019Association a s\u00e9lectionn\u00e9 celui li\u00e9 \u00e0 une replantation d\u2019arbres, en France.En parall\u00e8le, un autre projet international mais b\u00e9n\u00e9ficiant du label de l\u2019ONU, a \u00e9t\u00e9 retenu et concerne la construction d\u2019unit\u00e9s photovoltaiques en Inde. Le projet de reforestation La Douze, dans le d\u00e9partement de&hellip;<\/p>\n","protected":false},"author":1,"featured_media":0,"parent":0,"menu_order":0,"comment_status":"closed","ping_status":"closed","template":"","meta":{"footnotes":""},"class_list":["post-502","page","type-page","status-publish","hentry"],"_links":{"self":[{"href":"https:\/\/lesjoyeuxcoureurs.org\/index.php?rest_route=\/wp\/v2\/pages\/502","targetHints":{"allow":["GET"]}}],"collection":[{"href":"https:\/\/lesjoyeuxcoureurs.org\/index.php?rest_route=\/wp\/v2\/pages"}],"about":[{"href":"https:\/\/lesjoyeuxcoureurs.org\/index.php?rest_route=\/wp\/v2\/types\/page"}],"author":[{"embeddable":true,"href":"https:\/\/lesjoyeuxcoureurs.org\/index.php?rest_route=\/wp\/v2\/users\/1"}],"replies":[{"embeddable":true,"href":"https:\/\/lesjoyeuxcoureurs.org\/index.php?rest_route=%2Fwp%2Fv2%2Fcomments&post=502"}],"version-history":[{"count":10,"href":"https:\/\/lesjoyeuxcoureurs.org\/index.php?rest_route=\/wp\/v2\/pages\/502\/revisions"}],"predecessor-version":[{"id":567,"href":"https:\/\/lesjoyeuxcoureurs.org\/index.php?rest_route=\/wp\/v2\/pages\/502\/revisions\/567"}],"wp:attachment":[{"href":"https:\/\/lesjoyeuxcoureurs.org\/index.php?rest_route=%2Fwp%2Fv2%2Fmedia&parent=502"}],"curies":[{"name":"wp","href":"https:\/\/api.w.org\/{rel}","templated":true}]}}

<p class="has-text-color has-very-light-gray-color">.</p>



<p>La société Wenow a proposé plusieurs projet de compensation carbone et
l’Association a sélectionné celui lié à une replantation d’arbres, en France.En
parallèle, un autre projet international mais bénéficiant du label de l’ONU, a
été retenu et concerne la construction d’unités photovoltaiques en Inde.</p>



<p>Le projet de reforestation La Douze, dans le département de la Dordogne, consiste à remplacer une forêt détruite par la tempête Martin en décembre 1999.</p>



<p class="has-text-color has-very-light-gray-color">.</p>



<div class="wp-block-image"><figure class="aligncenter is-resized"><img loading="lazy" decoding="async" src="http://lesjoyeuxcoureurs.org/wp-content/uploads/2019/02/foret-1024x645.png" alt="" class="wp-image-228" width="768" height="484" srcset="https://lesjoyeuxcoureurs.org/wp-content/uploads/2019/02/foret-1024x645.png 1024w, https://lesjoyeuxcoureurs.org/wp-content/uploads/2019/02/foret-300x189.png 300w, https://lesjoyeuxcoureurs.org/wp-content/uploads/2019/02/foret-768x484.png 768w, https://lesjoyeuxcoureurs.org/wp-content/uploads/2019/02/foret.png 1235w" sizes="auto, (max-width: 768px) 100vw, 768px" /></figure></div>



<p class="has-text-color has-very-light-gray-color">.</p>



<p>En raison d’un sol très pauvre et de périodes de sécheresse qui se sont succédées, la forêt a fait l’objet de plusieurs tentatives de plantation, mais qui n’ont pas fonctionné. La plantation s’étend sur trois parcelles et appartient au Groupement forestier de Guichégu, dont le siège social se situe à Monfaucon.</p>



<p class="has-text-color has-very-light-gray-color">.</p>



<div class="wp-block-image"><figure class="aligncenter"><img loading="lazy" decoding="async" width="193" height="243" src="http://lesjoyeuxcoureurs.org/wp-content/uploads/2019/03/ladouze_map.png" alt="" class="wp-image-549"/></figure></div>



<p class="has-text-color has-very-light-gray-color">.</p>



<p>Au-delà d’aider la forêt à retrouver son éclat, la plantation permettra de maintenir l&rsquo;écosystème de la zone ainsi que sa biodiversité, d&rsquo;étendre le couvert forestier avec des essences adaptées au changement climatique et de lutter contre celui-ci, durablement. Grâce à la plantation d’essences adaptées (70 % de pins maritimes, 16% de robiniers faux-acacia et 14% de cèdres de l’atlas), le projet permettra de stocker 75 000 kg de CO2. </p>



<p class="has-text-color has-very-light-gray-color">.</p>

<p>. La société Wenow a proposé plusieurs projet de compensation carbone et l’Association a sélectionné celui lié à une replantation d’arbres, en France.En parallèle, un autre projet international mais bénéficiant du label de l’ONU, a été retenu et concerne la construction d’unités photovoltaiques en Inde. Le projet de reforestation La Douze, dans le département de&hellip;</p>
