{"id":788,"date":"2019-04-27T16:44:02","date_gmt":"2019-04-27T14:44:02","guid":{"rendered":"https:\/\/lesjoyeuxcoureurs.org\/?page_id=788"},"modified":"2019-04-27T16:56:43","modified_gmt":"2019-04-27T14:56:43","slug":"presentation-tour-auto","status":"publish","type":"page","link":"https:\/\/lesjoyeuxcoureurs.org\/?page_id=788","title":{"rendered":"Pr\u00e9sentation du Tour Auto Optic 2000"},"content":{"rendered":"\n<p class=\"has-text-color has-very-light-gray-color\">.<\/p>\n\n\n\n<h3 class=\"wp-block-heading\">Historique<\/h3>\n\n\n\n<p>L\u2019Ann\u00e9e 2019 verra le d\u00e9part du 28 i\u00e8me Tour de\nFrance automobile. <\/p>\n\n\n\n<p>Le Tour Auto Optic 2000 s\u2019inscrit dans la continuit\u00e9\nd\u2019un \u00e9v\u00e9nement dont la cr\u00e9ation remonte au 19 i\u00e8me si\u00e8cle et qui s\u2019appelait\nalors Tour de France Automobile.<\/p>\n\n\n\n<p>Cette \u00e9preuve fut cr\u00e9\u00e9e en 1899 par L&rsquo;Automobile Club de France et organis\u00e9e par le journal Le Matin. La premi\u00e8re \u00e9dition se courut du 16 au 24 juillet 1899. 19 voitures au d\u00e9part, 9 \u00e0 l\u2019arriv\u00e9e. 25 motos prennent \u00e9galement part \u00e0 l\u2019\u00e9preuve qui compte 7 \u00e9tapes sur 2 216 km. Ren\u00e9 de Knyff s\u2019impose sur une Panhard &amp; Levassor.<\/p>\n\n\n\n<p class=\"has-text-color has-very-light-gray-color\">.<\/p>\n\n\n\n<div class=\"wp-block-image\"><figure class=\"aligncenter is-resized\"><img loading=\"lazy\" decoding=\"async\" src=\"https:\/\/lesjoyeuxcoureurs.org\/wp-content\/uploads\/2019\/04\/tourauto1.png\" alt=\"\" class=\"wp-image-815\" width=\"412\" height=\"419\" srcset=\"https:\/\/lesjoyeuxcoureurs.org\/wp-content\/uploads\/2019\/04\/tourauto1.png 549w, https:\/\/lesjoyeuxcoureurs.org\/wp-content\/uploads\/2019\/04\/tourauto1-295x300.png 295w\" sizes=\"auto, (max-width: 412px) 100vw, 412px\" \/><figcaption> <br><strong>Le comte Gaston de Chasseloup-Laubat au Tour de France automobile 1899 <\/strong> <\/figcaption><\/figure><\/div>\n\n\n\n<p>La course se poursuit sous le nom de Grand Crit\u00e9rium\nInternational de tourisme Paris-Nice puis en 1951 sous l\u2019appellation Tour de\nFrance de Nice \u00e0 Nice.<\/p>\n\n\n\n<p>Dans les ann\u00e9es 1960, l\u2019\u00e9v\u00e8nement, qui avait atteint\nune popularit\u00e9 incroyable, se tenait sur dix jours et opposait les plus grandes\nmarques du moment : Alfa Romeo, Austin Healey, BMW, Citro\u00ebn, Cobra, Ferrari,\nFord, Jaguar, Lancia, Mercedes, Mini, Osca, Porsche, Renault, Simca\u2026 <\/p>\n\n\n\n<p>Ces voitures \u00e9taient pilot\u00e9es par des vedettes du\nvolant comme Jean-Pierre Beltoise, Lucien Bianchi, Bernard Darniche, Patrick\nDepailler, G\u00e9rard Larrousse, Henri Pescarolo, Maurice Trintignant\u2026<\/p>\n\n\n\n<p>En 1998, L&rsquo;ASO, organisateur du Tour de France\ncycliste imposa l&rsquo;abandon de l&rsquo;appellation \u00ab Tour de France Automobile \u00bb, qui\nfut rebaptis\u00e9 \u00ab Tour auto \u00bb.<\/p>\n\n\n\n<p>L\u2019originalit\u00e9 est de traverser la France avec des \u00e9tapes routi\u00e8res en alternant \u00e9preuves sur circuits et courses de c\u00f4te.<\/p>\n\n\n\n<p class=\"has-text-color has-very-light-gray-color\">.<\/p>\n\n\n\n<h3 class=\"wp-block-heading\">Rappel de l\u2019Edition 2018<\/h3>\n\n\n\n<p>La\n27e \u00e9dition du Tour Auto Optic 2000 s\u2019est tenue du 23 au 28 avril 2018.\nOrganis\u00e9 par Peter Auto, ce rendez-vous annuel qui r\u00e9unit pas moins de 230\nvoitures anciennes se pr\u00e9sente comme un \u00e9v\u00e8nement majeur dans le calendrier des\ncomp\u00e9titions historiques.<\/p>\n\n\n\n<p>Comme le veut la tradition, l\u2019\u00e9dition 2018 du Tour Auto Optic 2000 a commenc\u00e9 par une journ\u00e9e incontournable durant laquelle les voitures engag\u00e9es sont expos\u00e9es au Grand Palais \u00e0 Paris. <\/p>\n\n\n\n<p class=\"has-text-color has-very-light-gray-color\">.<\/p>\n\n\n\n<div class=\"wp-block-image\"><figure class=\"aligncenter\"><img loading=\"lazy\" decoding=\"async\" width=\"670\" height=\"564\" src=\"https:\/\/lesjoyeuxcoureurs.org\/wp-content\/uploads\/2019\/04\/tourauto2.png\" alt=\"\" class=\"wp-image-822\" srcset=\"https:\/\/lesjoyeuxcoureurs.org\/wp-content\/uploads\/2019\/04\/tourauto2.png 670w, https:\/\/lesjoyeuxcoureurs.org\/wp-content\/uploads\/2019\/04\/tourauto2-300x253.png 300w\" sizes=\"auto, (max-width: 670px) 100vw, 670px\" \/><figcaption><br> <strong>Inaugur\u00e9 pour l\u2019Exposition Universelle de 1900, le Grand Palais fut le th\u00e9\u00e2tre du tout premier Salon de l\u2019Automobile en 1901. <\/strong> <\/figcaption><\/figure><\/div>\n","protected":false},"excerpt":{"rendered":"<p>. Historique L\u2019Ann\u00e9e 2019 verra le d\u00e9part du 28 i\u00e8me Tour de France automobile. Le Tour Auto Optic 2000 s\u2019inscrit dans la continuit\u00e9 d\u2019un \u00e9v\u00e9nement dont la cr\u00e9ation remonte au 19 i\u00e8me si\u00e8cle et qui s\u2019appelait alors Tour de France Automobile. Cette \u00e9preuve fut cr\u00e9\u00e9e en 1899 par L&rsquo;Automobile Club de France et organis\u00e9e par&hellip;<\/p>\n","protected":false},"author":1,"featured_media":0,"parent":0,"menu_order":0,"comment_status":"closed","ping_status":"closed","template":"","meta":{"footnotes":""},"class_list":["post-788","page","type-page","status-publish","hentry"],"_links":{"self":[{"href":"https:\/\/lesjoyeuxcoureurs.org\/index.php?rest_route=\/wp\/v2\/pages\/788","targetHints":{"allow":["GET"]}}],"collection":[{"href":"https:\/\/lesjoyeuxcoureurs.org\/index.php?rest_route=\/wp\/v2\/pages"}],"about":[{"href":"https:\/\/lesjoyeuxcoureurs.org\/index.php?rest_route=\/wp\/v2\/types\/page"}],"author":[{"embeddable":true,"href":"https:\/\/lesjoyeuxcoureurs.org\/index.php?rest_route=\/wp\/v2\/users\/1"}],"replies":[{"embeddable":true,"href":"https:\/\/lesjoyeuxcoureurs.org\/index.php?rest_route=%2Fwp%2Fv2%2Fcomments&post=788"}],"version-history":[{"count":12,"href":"https:\/\/lesjoyeuxcoureurs.org\/index.php?rest_route=\/wp\/v2\/pages\/788\/revisions"}],"predecessor-version":[{"id":826,"href":"https:\/\/lesjoyeuxcoureurs.org\/index.php?rest_route=\/wp\/v2\/pages\/788\/revisions\/826"}],"wp:attachment":[{"href":"https:\/\/lesjoyeuxcoureurs.org\/index.php?rest_route=%2Fwp%2Fv2%2Fmedia&parent=788"}],"curies":[{"name":"wp","href":"https:\/\/api.w.org\/{rel}","templated":true}]}}