{"id":982,"date":"2019-05-03T22:07:58","date_gmt":"2019-05-03T20:07:58","guid":{"rendered":"https:\/\/lesjoyeuxcoureurs.org\/?page_id=982"},"modified":"2019-05-08T20:07:34","modified_gmt":"2019-05-08T18:07:34","slug":"la-preparation","status":"publish","type":"page","link":"https:\/\/lesjoyeuxcoureurs.org\/?page_id=982","title":{"rendered":"La pr\u00e9paration"},"content":{"rendered":"\n<p class=\"has-text-color has-very-light-gray-color\">.<\/p>\n\n\n\n<hr class=\"wp-block-separator\"\/>\n\n\n\n<p><strong>Mod\u00e8le&nbsp;:<\/strong> Simca Rallye 2 Groupe 2<\/p>\n\n\n\n<p><strong>Ann\u00e9e&nbsp;:<\/strong> 1976<\/p>\n\n\n\n<p><strong>Cylindr\u00e9e&nbsp;:<\/strong> 1298 cm3, 4 cylindres en ligne<\/p>\n\n\n\n<hr class=\"wp-block-separator\"\/>\n\n\n\n<p class=\"has-text-color has-very-light-gray-color\">.<\/p>\n\n\n\n<p style=\"text-align:center\"><strong>Culasse aluminium Simca <a href=\"#maurelec\">Maurelec *<\/a> (pr\u00e9parateur d\u2019\u00e9poque)<\/strong><\/p>\n\n\n\n<div class=\"wp-block-image\"><figure class=\"aligncenter is-resized\"><a href=\"https:\/\/lesjoyeuxcoureurs.org\/wp-content\/uploads\/2019\/05\/1_ljc.jpg\" target=\"_blank\" rel=\"noreferrer noopener\"><img loading=\"lazy\" decoding=\"async\" src=\"https:\/\/lesjoyeuxcoureurs.org\/wp-content\/uploads\/2019\/05\/1_ljc.jpg\" alt=\"\" class=\"wp-image-1102\" width=\"334\" height=\"357\" srcset=\"https:\/\/lesjoyeuxcoureurs.org\/wp-content\/uploads\/2019\/05\/1_ljc.jpg 667w, https:\/\/lesjoyeuxcoureurs.org\/wp-content\/uploads\/2019\/05\/1_ljc-280x300.jpg 280w\" sizes=\"auto, (max-width: 334px) 100vw, 334px\" \/><\/a><\/figure><\/div>\n\n\n\n<p class=\"has-text-color has-very-light-gray-color\">.<\/p>\n\n\n\n<p style=\"text-align:center\"><strong>Suspensions avant \u00e0 lames<\/strong><\/p>\n\n\n\n<p style=\"text-align:center\"><strong>Suspensions arri\u00e8re ressort h\u00e9lico\u00efdal <\/strong><\/p>\n\n\n\n<div class=\"wp-block-image\"><figure class=\"aligncenter is-resized\"><a href=\"https:\/\/lesjoyeuxcoureurs.org\/wp-content\/uploads\/2019\/05\/2_ljc.jpg\" target=\"_blank\" rel=\"noreferrer noopener\"><img loading=\"lazy\" decoding=\"async\" src=\"https:\/\/lesjoyeuxcoureurs.org\/wp-content\/uploads\/2019\/05\/2_ljc-1024x705.jpg\" alt=\"\" class=\"wp-image-1103\" width=\"512\" height=\"353\" srcset=\"https:\/\/lesjoyeuxcoureurs.org\/wp-content\/uploads\/2019\/05\/2_ljc-1024x705.jpg 1024w, https:\/\/lesjoyeuxcoureurs.org\/wp-content\/uploads\/2019\/05\/2_ljc-300x206.jpg 300w, https:\/\/lesjoyeuxcoureurs.org\/wp-content\/uploads\/2019\/05\/2_ljc-768x528.jpg 768w, https:\/\/lesjoyeuxcoureurs.org\/wp-content\/uploads\/2019\/05\/2_ljc.jpg 1170w\" sizes=\"auto, (max-width: 512px) 100vw, 512px\" \/><\/a><\/figure><\/div>\n\n\n\n<p class=\"has-text-color has-very-light-gray-color\">.<\/p>\n\n\n\n<p style=\"text-align:center\"><strong>Amortisseurs t\u00e9lescopiques<\/strong><\/p>\n\n\n\n<div class=\"wp-block-image\"><figure class=\"aligncenter is-resized\"><a href=\"https:\/\/lesjoyeuxcoureurs.org\/wp-content\/uploads\/2019\/05\/3_ljc.jpg\" target=\"_blank\" rel=\"noreferrer noopener\"><img loading=\"lazy\" decoding=\"async\" src=\"https:\/\/lesjoyeuxcoureurs.org\/wp-content\/uploads\/2019\/05\/3_ljc-1024x727.jpg\" alt=\"\" class=\"wp-image-1104\" width=\"512\" height=\"364\" srcset=\"https:\/\/lesjoyeuxcoureurs.org\/wp-content\/uploads\/2019\/05\/3_ljc-1024x727.jpg 1024w, https:\/\/lesjoyeuxcoureurs.org\/wp-content\/uploads\/2019\/05\/3_ljc-300x213.jpg 300w, https:\/\/lesjoyeuxcoureurs.org\/wp-content\/uploads\/2019\/05\/3_ljc-768x545.jpg 768w, https:\/\/lesjoyeuxcoureurs.org\/wp-content\/uploads\/2019\/05\/3_ljc.jpg 1094w\" sizes=\"auto, (max-width: 512px) 100vw, 512px\" \/><\/a><\/figure><\/div>\n\n\n\n<p class=\"has-text-color has-very-light-gray-color\">.<\/p>\n\n\n\n<p style=\"text-align:center\"><strong>Echappement 4 en 1, traitement c\u00e9ramique<\/strong><\/p>\n\n\n\n<div class=\"wp-block-image\"><figure class=\"aligncenter is-resized\"><a href=\"https:\/\/lesjoyeuxcoureurs.org\/wp-content\/uploads\/2019\/05\/4_ljc.jpg\" target=\"_blank\" rel=\"noreferrer noopener\"><img loading=\"lazy\" decoding=\"async\" src=\"https:\/\/lesjoyeuxcoureurs.org\/wp-content\/uploads\/2019\/05\/4_ljc-1024x695.jpg\" alt=\"\" class=\"wp-image-1105\" width=\"512\" height=\"348\" srcset=\"https:\/\/lesjoyeuxcoureurs.org\/wp-content\/uploads\/2019\/05\/4_ljc-1024x695.jpg 1024w, https:\/\/lesjoyeuxcoureurs.org\/wp-content\/uploads\/2019\/05\/4_ljc-300x204.jpg 300w, https:\/\/lesjoyeuxcoureurs.org\/wp-content\/uploads\/2019\/05\/4_ljc-768x521.jpg 768w, https:\/\/lesjoyeuxcoureurs.org\/wp-content\/uploads\/2019\/05\/4_ljc.jpg 1148w\" sizes=\"auto, (max-width: 512px) 100vw, 512px\" \/><\/a><\/figure><\/div>\n\n\n\n<p class=\"has-text-color has-very-light-gray-color\">.<\/p>\n\n\n\n<p style=\"text-align:center\"><strong>Transmission par cardans<\/strong><\/p>\n\n\n\n<div class=\"wp-block-image\"><figure class=\"aligncenter is-resized\"><a href=\"https:\/\/lesjoyeuxcoureurs.org\/wp-content\/uploads\/2019\/05\/5_ljc.jpg\" target=\"_blank\" rel=\"noreferrer noopener\"><img loading=\"lazy\" decoding=\"async\" src=\"https:\/\/lesjoyeuxcoureurs.org\/wp-content\/uploads\/2019\/05\/5_ljc.jpg\" alt=\"\" class=\"wp-image-1106\" width=\"617\" height=\"417\" srcset=\"https:\/\/lesjoyeuxcoureurs.org\/wp-content\/uploads\/2019\/05\/5_ljc.jpg 823w, https:\/\/lesjoyeuxcoureurs.org\/wp-content\/uploads\/2019\/05\/5_ljc-300x203.jpg 300w, https:\/\/lesjoyeuxcoureurs.org\/wp-content\/uploads\/2019\/05\/5_ljc-768x519.jpg 768w\" sizes=\"auto, (max-width: 617px) 100vw, 617px\" \/><\/a><\/figure><\/div>\n\n\n\n<p class=\"has-text-color has-very-light-gray-color\">.<\/p>\n\n\n\n<p style=\"text-align:center\"><strong>Allumage&nbsp;: bobine<\/strong><\/p>\n\n\n\n<p style=\"text-align:center\"><strong>Carburateurs&nbsp;: 2 Weber, cornet Maurelec<\/strong><\/p>\n\n\n\n<div class=\"wp-block-image\"><figure class=\"aligncenter is-resized\"><a href=\"https:\/\/lesjoyeuxcoureurs.org\/wp-content\/uploads\/2019\/05\/6_ljc.jpg\" target=\"_blank\" rel=\"noreferrer noopener\"><img loading=\"lazy\" decoding=\"async\" src=\"https:\/\/lesjoyeuxcoureurs.org\/wp-content\/uploads\/2019\/05\/6_ljc.jpg\" alt=\"\" class=\"wp-image-1107\" width=\"503\" height=\"394\" srcset=\"https:\/\/lesjoyeuxcoureurs.org\/wp-content\/uploads\/2019\/05\/6_ljc.jpg 670w, https:\/\/lesjoyeuxcoureurs.org\/wp-content\/uploads\/2019\/05\/6_ljc-300x235.jpg 300w\" sizes=\"auto, (max-width: 503px) 100vw, 503px\" \/><\/a><\/figure><\/div>\n\n\n\n<p class=\"has-text-color has-very-light-gray-color\">.<\/p>\n\n\n\n<p style=\"text-align:center\"><strong>Boite de vitesse&nbsp;: 4, sans syncro, 9&#215;35, avec crabot<\/strong><\/p>\n\n\n\n<div class=\"wp-block-image\"><figure class=\"aligncenter is-resized\"><a href=\"https:\/\/lesjoyeuxcoureurs.org\/wp-content\/uploads\/2019\/05\/7_ljc.jpg\" target=\"_blank\" rel=\"noreferrer noopener\"><img loading=\"lazy\" decoding=\"async\" src=\"https:\/\/lesjoyeuxcoureurs.org\/wp-content\/uploads\/2019\/05\/7_ljc-1024x716.jpg\" alt=\"\" class=\"wp-image-1108\" width=\"512\" height=\"358\" srcset=\"https:\/\/lesjoyeuxcoureurs.org\/wp-content\/uploads\/2019\/05\/7_ljc-1024x716.jpg 1024w, https:\/\/lesjoyeuxcoureurs.org\/wp-content\/uploads\/2019\/05\/7_ljc-300x210.jpg 300w, https:\/\/lesjoyeuxcoureurs.org\/wp-content\/uploads\/2019\/05\/7_ljc-768x537.jpg 768w, https:\/\/lesjoyeuxcoureurs.org\/wp-content\/uploads\/2019\/05\/7_ljc.jpg 1191w\" sizes=\"auto, (max-width: 512px) 100vw, 512px\" \/><\/a><\/figure><\/div>\n\n\n\n<p class=\"has-text-color has-very-light-gray-color\">.<\/p>\n\n\n\n<p style=\"text-align:center\"><strong>Freins \u00e0 disques<\/strong><\/p>\n\n\n\n<div class=\"wp-block-image\"><figure class=\"aligncenter is-resized\"><a href=\"https:\/\/lesjoyeuxcoureurs.org\/wp-content\/uploads\/2019\/05\/8_ljc.jpg\" target=\"_blank\" rel=\"noreferrer noopener\"><img loading=\"lazy\" decoding=\"async\" src=\"https:\/\/lesjoyeuxcoureurs.org\/wp-content\/uploads\/2019\/05\/8_ljc-1024x691.jpg\" alt=\"\" class=\"wp-image-1109\" width=\"512\" height=\"346\" srcset=\"https:\/\/lesjoyeuxcoureurs.org\/wp-content\/uploads\/2019\/05\/8_ljc-1024x691.jpg 1024w, https:\/\/lesjoyeuxcoureurs.org\/wp-content\/uploads\/2019\/05\/8_ljc-300x202.jpg 300w, https:\/\/lesjoyeuxcoureurs.org\/wp-content\/uploads\/2019\/05\/8_ljc-768x518.jpg 768w, https:\/\/lesjoyeuxcoureurs.org\/wp-content\/uploads\/2019\/05\/8_ljc.jpg 1195w\" sizes=\"auto, (max-width: 512px) 100vw, 512px\" \/><\/a><\/figure><\/div>\n\n\n\n<p class=\"has-text-color has-very-light-gray-color\">.<\/p>\n\n\n\n<p style=\"text-align:center\"><strong>Direction \u00e0 cr\u00e9maill\u00e8re<\/strong><\/p>\n\n\n\n<p style=\"text-align:center\"><strong>Jantes aluminium <a href=\"#madin\">Mad\u2019in\u00a0**<\/a><\/strong><\/p>\n\n\n\n<div class=\"wp-block-image\"><figure class=\"aligncenter is-resized\"><a href=\"https:\/\/lesjoyeuxcoureurs.org\/wp-content\/uploads\/2019\/05\/9_ljc.jpg\" target=\"_blank\" rel=\"noreferrer noopener\"><img loading=\"lazy\" decoding=\"async\" src=\"https:\/\/lesjoyeuxcoureurs.org\/wp-content\/uploads\/2019\/05\/9_ljc-1024x658.jpg\" alt=\"\" class=\"wp-image-1110\" width=\"512\" height=\"329\" srcset=\"https:\/\/lesjoyeuxcoureurs.org\/wp-content\/uploads\/2019\/05\/9_ljc-1024x658.jpg 1024w, https:\/\/lesjoyeuxcoureurs.org\/wp-content\/uploads\/2019\/05\/9_ljc-300x193.jpg 300w, https:\/\/lesjoyeuxcoureurs.org\/wp-content\/uploads\/2019\/05\/9_ljc-768x494.jpg 768w, https:\/\/lesjoyeuxcoureurs.org\/wp-content\/uploads\/2019\/05\/9_ljc.jpg 1143w\" sizes=\"auto, (max-width: 512px) 100vw, 512px\" \/><\/a><\/figure><\/div>\n\n\n\n<p class=\"has-text-color has-very-light-gray-color\">.<\/p>\n\n\n\n<p style=\"text-align:center\"><strong>Arceau Acier 50 mm de diam\u00e8tre et 2 d\u2019\u00e9paisseur<\/strong><\/p>\n\n\n\n<p style=\"text-align:center\"><strong>Carrosserie monocoque acier<\/strong><\/p>\n\n\n\n<p style=\"text-align:center\"><strong>Extensions d\u2019aile int\u00e9gr\u00e9es dans la masse par <a href=\"#wd\">WD Comp\u00e9tition<\/a><\/strong><a href=\"#wd\"> ***<\/a> <\/p>\n\n\n\n<p style=\"text-align:center\">et conformes au Groupe 2 comme visible sur l\u2019\u00e9preuve du Championnat de France, au circuit Bugatti (le Man) en 1976<\/p>\n\n\n\n<div class=\"wp-block-image\"><figure class=\"aligncenter is-resized\"><img loading=\"lazy\" decoding=\"async\" src=\"https:\/\/lesjoyeuxcoureurs.org\/wp-content\/uploads\/2019\/05\/10.jpg\" alt=\"\" class=\"wp-image-1095\" width=\"497\" height=\"368\" srcset=\"https:\/\/lesjoyeuxcoureurs.org\/wp-content\/uploads\/2019\/05\/10.jpg 662w, https:\/\/lesjoyeuxcoureurs.org\/wp-content\/uploads\/2019\/05\/10-300x222.jpg 300w, https:\/\/lesjoyeuxcoureurs.org\/wp-content\/uploads\/2019\/05\/10-120x90.jpg 120w\" sizes=\"auto, (max-width: 497px) 100vw, 497px\" \/><\/figure><\/div>\n\n\n\n<p class=\"has-text-color has-very-light-gray-color\">.<\/p>\n\n\n\n<hr class=\"wp-block-separator\"\/>\n\n\n\n<p class=\"has-text-color has-very-light-gray-color\">.<\/p>\n\n\n\n<p><p id=\"maurelec\"><strong>* Informations sur Maurelec.<\/strong> <\/p><\/p>\n\n\n\n<p>Ancien champion de france de moto, pilote de rallycross, Formule Renault &#8211; Formule 3, pr\u00e9parateur moteurs SIMCA Rallye 3 Usine, Marcel MOREL a cr\u00e9e sa propre marque de comp\u00e9tition MAURELEC. Il a pilot\u00e9 de nombreuses marques fran\u00e7aises, disparues aujourd&rsquo;hui comme la Jid\u00e9 ou la Scora qui signifie <strong>S<\/strong>oci\u00e9t\u00e9 <strong>COR<\/strong>r\u00e9zienne d&rsquo;<strong>A<\/strong>utomobile.<\/p>\n\n\n\n<p class=\"has-text-color has-very-light-gray-color\">.<\/p>\n\n\n\n<div class=\"wp-block-image\"><figure class=\"aligncenter is-resized\"><img loading=\"lazy\" decoding=\"async\" src=\"https:\/\/lesjoyeuxcoureurs.org\/wp-content\/uploads\/2019\/05\/11.jpg\" alt=\"\" class=\"wp-image-1096\" width=\"563\" height=\"393\" srcset=\"https:\/\/lesjoyeuxcoureurs.org\/wp-content\/uploads\/2019\/05\/11.jpg 750w, https:\/\/lesjoyeuxcoureurs.org\/wp-content\/uploads\/2019\/05\/11-300x210.jpg 300w\" sizes=\"auto, (max-width: 563px) 100vw, 563px\" \/><\/figure><\/div>\n\n\n\n<p class=\"has-text-color has-very-light-gray-color\">.<\/p>\n\n\n\n<p>Dans ses r\u00e9alisations, Marcel a mis au point une Matra\nMurena 4 roues motrices (moteur 2,2L de s\u00e9rie en position longitudinale\narri\u00e8re, pont avant et arri\u00e8re de Peugeot 505) et une autre Murena, dot\u00e9e d&rsquo;un\nmoteur JRD de 200 ch \u00e0 culasse \u00e0 3 soupapes par cylindre, et habill\u00e9e de\npassages d&rsquo;ailes fabriqu\u00e9s par Politecnic.<\/p>\n\n\n\n<p class=\"has-text-color has-very-light-gray-color\">.<\/p>\n\n\n\n<div class=\"wp-block-image\"><figure class=\"aligncenter is-resized\"><img loading=\"lazy\" decoding=\"async\" src=\"https:\/\/lesjoyeuxcoureurs.org\/wp-content\/uploads\/2019\/05\/12.jpg\" alt=\"\" class=\"wp-image-1097\" width=\"480\" height=\"274\" srcset=\"https:\/\/lesjoyeuxcoureurs.org\/wp-content\/uploads\/2019\/05\/12.jpg 640w, https:\/\/lesjoyeuxcoureurs.org\/wp-content\/uploads\/2019\/05\/12-300x171.jpg 300w\" sizes=\"auto, (max-width: 480px) 100vw, 480px\" \/><\/figure><\/div>\n\n\n\n<p class=\"has-text-color has-very-light-gray-color\">.<\/p>\n\n\n\n<p>Plus r\u00e9cemment, Marcel a propos\u00e9 d\u2019installer un moteur V6\ndans une Niva 4&#215;4, non pas sous le capot mais directement en position centrale\nderri\u00e8re les si\u00e8ges avant ! Dans le Rallye d\u2019Alg\u00e9rie de 1982, Jean-Claude\nBriavoine finit 3\u00e8me au volant de ce monstre. En 1983, la puissance est port\u00e9e\n\u00e0 290 ch et en 1986 \u00e0 310 ch&nbsp; ce qui\npermis \u00e0 Pierre Lartigue de terminer 1er du Rallye de Tunisie et 4\u00e8me au Dakar.<\/p>\n\n\n\n<p class=\"has-text-color has-very-light-gray-color\">.<\/p>\n\n\n\n<div class=\"wp-block-image\"><figure class=\"aligncenter is-resized\"><img loading=\"lazy\" decoding=\"async\" src=\"https:\/\/lesjoyeuxcoureurs.org\/wp-content\/uploads\/2019\/05\/13.jpg\" alt=\"\" class=\"wp-image-1098\" width=\"420\" height=\"225\" srcset=\"https:\/\/lesjoyeuxcoureurs.org\/wp-content\/uploads\/2019\/05\/13.jpg 560w, https:\/\/lesjoyeuxcoureurs.org\/wp-content\/uploads\/2019\/05\/13-300x161.jpg 300w\" sizes=\"auto, (max-width: 420px) 100vw, 420px\" \/><\/figure><\/div>\n\n\n\n<p class=\"has-text-color has-very-light-gray-color\">.<\/p>\n\n\n\n<hr class=\"wp-block-separator\"\/>\n\n\n\n<p class=\"has-text-color has-very-light-gray-color\">.<\/p>\n\n\n\n<p><p id=\"madin\">** <strong>Mad&rsquo;in<\/strong> a \u00e9t\u00e9\ncr\u00e9\u00e9e dans la Dr\u00f4me en 1975 par Antoinette GOTTI et son mari sous le nom de\nsoci\u00e9t\u00e9 Mad&rsquo;in France. Passionn\u00e9s de sports m\u00e9caniques et issus d&rsquo;une famille\nrenomm\u00e9e dans le milieu des courses automobiles, les fondateurs ont commenc\u00e9\npar commercialiser des jantes comp\u00e9tition et des accessoires, d&rsquo;abord en tant\nque revendeur.<\/p><\/p>\n\n\n\n<p>D\u00e8s 1987, Mad&rsquo;in s&rsquo;installe en Bourgogne et s&rsquo;\u00e9quipe d&rsquo;un\natelier de production de jantes comp\u00e9tition. Gr\u00e2ce \u00e0 cela, la soci\u00e9t\u00e9 va\nprendre un nouvel essor en proposant une gamme sur mesure, enti\u00e8rement\nfabriqu\u00e9e sur place et collant au plus pr\u00e8s des besoins en mati\u00e8re de d\u00e9ports,\nde poids et de finition. Elle va \u00e9galement \u00eatre contact\u00e9e par des marques de\njantes allemandes, italiennes et britanniques pour fournir des voiles de jante.\n<\/p>\n\n\n\n<div class=\"wp-block-image\"><figure class=\"aligncenter is-resized\"><img loading=\"lazy\" decoding=\"async\" src=\"https:\/\/lesjoyeuxcoureurs.org\/wp-content\/uploads\/2019\/05\/14.png\" alt=\"\" class=\"wp-image-1099\" width=\"512\" height=\"332\" srcset=\"https:\/\/lesjoyeuxcoureurs.org\/wp-content\/uploads\/2019\/05\/14.png 683w, https:\/\/lesjoyeuxcoureurs.org\/wp-content\/uploads\/2019\/05\/14-300x195.png 300w\" sizes=\"auto, (max-width: 512px) 100vw, 512px\" \/><\/figure><\/div>\n\n\n\n<p class=\"has-text-color has-very-light-gray-color\">.<\/p>\n\n\n\n<hr class=\"wp-block-separator\"\/>\n\n\n\n<p class=\"has-text-color has-very-light-gray-color\">.<\/p>\n\n\n\n<p><p id=\"wd\">*** <strong>WD Comp\u00e9tition<\/strong> est un pr\u00e9parateur automobile situ\u00e9 dans le Loiret qui dispose de plusieurs expertises dont la carrosserie avec un Compagnon de France (Charles).<\/p><\/p>\n\n\n\n<div class=\"wp-block-image\"><figure class=\"aligncenter is-resized\"><img loading=\"lazy\" decoding=\"async\" src=\"https:\/\/lesjoyeuxcoureurs.org\/wp-content\/uploads\/2019\/05\/15-1024x174.png\" alt=\"\" class=\"wp-image-1100\" width=\"768\" height=\"131\" srcset=\"https:\/\/lesjoyeuxcoureurs.org\/wp-content\/uploads\/2019\/05\/15-1024x174.png 1024w, https:\/\/lesjoyeuxcoureurs.org\/wp-content\/uploads\/2019\/05\/15-300x51.png 300w, https:\/\/lesjoyeuxcoureurs.org\/wp-content\/uploads\/2019\/05\/15-768x131.png 768w, https:\/\/lesjoyeuxcoureurs.org\/wp-content\/uploads\/2019\/05\/15.png 1029w\" sizes=\"auto, (max-width: 768px) 100vw, 768px\" \/><\/figure><\/div>\n\n\n\n<p><\/p>\n\n\n\n<p class=\"has-text-color has-very-light-gray-color\">.<\/p>\n","protected":false},"excerpt":{"rendered":"<p>. Mod\u00e8le&nbsp;: Simca Rallye 2 Groupe 2 Ann\u00e9e&nbsp;: 1976 Cylindr\u00e9e&nbsp;: 1298 cm3, 4 cylindres en ligne . Culasse aluminium Simca Maurelec * (pr\u00e9parateur d\u2019\u00e9poque) . Suspensions avant \u00e0 lames Suspensions arri\u00e8re ressort h\u00e9lico\u00efdal . Amortisseurs t\u00e9lescopiques . Echappement 4 en 1, traitement c\u00e9ramique . Transmission par cardans . Allumage&nbsp;: bobine Carburateurs&nbsp;: 2 Weber, cornet Maurelec&hellip;<\/p>\n","protected":false},"author":1,"featured_media":0,"parent":0,"menu_order":0,"comment_status":"closed","ping_status":"closed","template":"","meta":{"footnotes":""},"class_list":["post-982","page","type-page","status-publish","hentry"],"_links":{"self":[{"href":"https:\/\/lesjoyeuxcoureurs.org\/index.php?rest_route=\/wp\/v2\/pages\/982","targetHints":{"allow":["GET"]}}],"collection":[{"href":"https:\/\/lesjoyeuxcoureurs.org\/index.php?rest_route=\/wp\/v2\/pages"}],"about":[{"href":"https:\/\/lesjoyeuxcoureurs.org\/index.php?rest_route=\/wp\/v2\/types\/page"}],"author":[{"embeddable":true,"href":"https:\/\/lesjoyeuxcoureurs.org\/index.php?rest_route=\/wp\/v2\/users\/1"}],"replies":[{"embeddable":true,"href":"https:\/\/lesjoyeuxcoureurs.org\/index.php?rest_route=%2Fwp%2Fv2%2Fcomments&post=982"}],"version-history":[{"count":18,"href":"https:\/\/lesjoyeuxcoureurs.org\/index.php?rest_route=\/wp\/v2\/pages\/982\/revisions"}],"predecessor-version":[{"id":1126,"href":"https:\/\/lesjoyeuxcoureurs.org\/index.php?rest_route=\/wp\/v2\/pages\/982\/revisions\/1126"}],"wp:attachment":[{"href":"https:\/\/lesjoyeuxcoureurs.org\/index.php?rest_route=%2Fwp%2Fv2%2Fmedia&parent=982"}],"curies":[{"name":"wp","href":"https:\/\/api.w.org\/{rel}","templated":true}]}}